{"id":48,"date":"2022-03-15T12:10:26","date_gmt":"2022-03-15T09:10:26","guid":{"rendered":"https:\/\/aslifiliz.com\/a\/?page_id=48"},"modified":"2026-03-06T18:06:30","modified_gmt":"2026-03-06T15:06:30","slug":"biografie","status":"publish","type":"page","link":"https:\/\/aslifiliz.com\/de\/biografie\/","title":{"rendered":"Biograpfie"},"content":{"rendered":"<p>[vc_row css_animation=&#8221;&#8221; row_type=&#8221;row&#8221; use_row_as_full_screen_section=&#8221;no&#8221; type=&#8221;full_width&#8221; angled_section=&#8221;no&#8221; text_align=&#8221;left&#8221; background_image_as_pattern=&#8221;without_pattern&#8221;][vc_column][vc_column_text]<\/p>\n<h5>BIOGRAFIE<\/h5>\n<p>[\/vc_column_text][vc_separator type=&#8221;normal&#8221; color=&#8221;#e8e8e8&#8243;][\/vc_column][\/vc_row][vc_row css_animation=&#8221;&#8221; row_type=&#8221;row&#8221; use_row_as_full_screen_section=&#8221;no&#8221; type=&#8221;full_width&#8221; angled_section=&#8221;no&#8221; text_align=&#8221;left&#8221; background_image_as_pattern=&#8221;without_pattern&#8221; css=&#8221;.vc_custom_1648418315359{margin-top: 32px !important;margin-bottom: 32px !important;}&#8221; z_index=&#8221;&#8221;][vc_column width=&#8221;2\/3&#8243; css=&#8221;.vc_custom_1648593750096{margin-right: 32px !important;}&#8221;][vc_column_text css=&#8221;.vc_custom_1772809585780{margin-right: 32px !important;}&#8221;]Asl\u0131 Filiz wurde in Bing\u00f6l\/T\u00fcrkei, als Kind kurdischer Eltern geboren. Nach ihrem Grafikdesign-Studium an der Beykent-Universit\u00e4t in Istanbul schloss sie ihre Ausbildung im selben Bereich an der Hochschule f\u00fcr bildende K\u00fcnste Hamburg (HFBK) ab. Seit \u00fcber 25 Jahren ist sie im Bereich Grafikdesign und visuelle Kunst t\u00e4tig, wobei sie sich in den letzten Jahren zunehmend auf die Malerei insbesondere auf frauenzentrierte Narrative konzentriert hat.<\/p>\n<p>Ihre Werke \u00f6ffnen visuelle Fenster in das kollektive Ged\u00e4chtnis von Frauen, weit \u00fcber individuelle Geschichten hinaus. Ausgehend von der mesopotamischen Geschichte bringt sie die mythologischen und so wie seelischen Lasten, die die Frauen durch die Jahrhunderte getragen haben, auf die Leinwand. Ihre Frauenfiguren sind durchzogen von Stille, Widerstand, Zugeh\u00f6rigkeit, Verlust und Hoffnung. Mit Acryl auf Leinwand arbeitet sie in einem Stil, der traditionelle Motive mit modernen Ausdrucksformen verbindet und so eine zeitlose visuelle Sprache schafft.<\/p>\n<p>Einige ihrer Arbeiten sind direkte politische Proteste.<br \/>\nFiliz\u2019 Kunst tr\u00e4gt Identit\u00e4t, die historische Last des Frauseins und das kollektive Ged\u00e4chtnis in sich. Ihre Arbeiten bewegen sich zwischen kurdischer, t\u00fcrkischer und visueller Sprache und schaffen f\u00fcr ein internationales Publikum einen \u00e4sthetischen und gedanklichen Raum. Sie nahm an Einzel und Gruppenausstellungen in Paris, Hamburg, Berlin, Wien, K\u00f6ln, Hanau, Kiel, Itzehoe und Luxemburg teil und beteiligte sich in zahlreichen internationalen Veranstaltungen im Kontext von Frauenbewegungen.<br \/>\nAsl\u0131 Filiz\u2019 Werke erinnern an die Stimmen in der Stille, die Spuren des Vergessenen und den immerw\u00e4hrenden Platz der Frau. Ihre Kunst ist nicht nur zu betrachten sie ist zu f\u00fchlen, zu hinterfragen und zu erinnern.[\/vc_column_text][\/vc_column][vc_column width=&#8221;1\/3&#8243;][vc_single_image image=&#8221;578&#8243; img_size=&#8221;300&#215;250&#8243; style=&#8221;vc_box_shadow&#8221; qode_css_animation=&#8221;&#8221; qode_hover_animation=&#8221;zoom_in&#8221; css=&#8221;.vc_custom_1648594184063{margin-bottom: 32px !important;}&#8221;][vc_single_image image=&#8221;579&#8243; img_size=&#8221;300&#215;250&#8243; style=&#8221;vc_box_shadow&#8221; qode_css_animation=&#8221;&#8221; qode_hover_animation=&#8221;zoom_in&#8221; css=&#8221;.vc_custom_1648594200664{margin-bottom: 32px !important;}&#8221;][vc_single_image image=&#8221;577&#8243; img_size=&#8221;300&#215;250&#8243; style=&#8221;vc_box_shadow&#8221; qode_css_animation=&#8221;&#8221; qode_hover_animation=&#8221;zoom_in&#8221; css=&#8221;.vc_custom_1648594216832{margin-bottom: 32px !important;}&#8221;][vc_single_image image=&#8221;576&#8243; img_size=&#8221;300&#215;250&#8243; style=&#8221;vc_box_shadow&#8221; qode_css_animation=&#8221;&#8221; qode_hover_animation=&#8221;zoom_in&#8221; css=&#8221;.vc_custom_1648594229932{margin-bottom: 32px !important;}&#8221;][\/vc_column][\/vc_row]<\/p>\n","protected":false},"excerpt":{"rendered":"<p>[vc_row css_animation=&#8221;&#8221; row_type=&#8221;row&#8221; use_row_as_full_screen_section=&#8221;no&#8221; type=&#8221;full_width&#8221; angled_section=&#8221;no&#8221; text_align=&#8221;left&#8221; background_image_as_pattern=&#8221;without_pattern&#8221;][vc_column][vc_column_text] BIOGRAFIE [\/vc_column_text][vc_separator type=&#8221;normal&#8221; color=&#8221;#e8e8e8&#8243;][\/vc_column][\/vc_row][vc_row css_animation=&#8221;&#8221; row_type=&#8221;row&#8221; use_row_as_full_screen_section=&#8221;no&#8221; type=&#8221;full_width&#8221; angled_section=&#8221;no&#8221; text_align=&#8221;left&#8221; background_image_as_pattern=&#8221;without_pattern&#8221; css=&#8221;.vc_custom_1648418315359{margin-top: 32px !important;margin-bottom: 32px !important;}&#8221; z_index=&#8221;&#8221;][vc_column width=&#8221;2\/3&#8243; css=&#8221;.vc_custom_1648593750096{margin-right: 32px !important;}&#8221;][vc_column_text css=&#8221;.vc_custom_1772809585780{margin-right: 32px !important;}&#8221;]Asl\u0131 Filiz wurde in Bing\u00f6l\/T\u00fcrkei, als Kind kurdischer Eltern geboren. Nach ihrem Grafikdesign-Studium an&#8230;<\/p>\n","protected":false},"author":1,"featured_media":0,"parent":0,"menu_order":0,"comment_status":"closed","ping_status":"closed","template":"","meta":{"footnotes":""},"class_list":["post-48","page","type-page","status-publish","hentry"],"yoast_head":"<!-- This site is optimized with the Yoast SEO plugin v27.5 - https:\/\/yoast.com\/product\/yoast-seo-wordpress\/ -->\n<title>Biograpfie - Asl\u0131 Filiz<\/title>\n<meta name=\"description\" content=\"Meine Kindheit habe ich in mitten des B\u00fcrgerkrieges im t\u00fcrkischen Teil von Kurdistan verbracht. Von Anbeginn an bekannte sich mein Vater zu seinen kurdisch linkspolitischen \u00dcberzeugungen\" \/>\n<meta name=\"robots\" content=\"index, follow, max-snippet:-1, max-image-preview:large, max-video-preview:-1\" \/>\n<link rel=\"canonical\" href=\"https:\/\/aslifiliz.com\/de\/biografie\/\" \/>\n<meta property=\"og:locale\" content=\"tr_TR\" \/>\n<meta property=\"og:type\" content=\"article\" \/>\n<meta property=\"og:title\" content=\"Biograpfie - Asl\u0131 Filiz\" \/>\n<meta property=\"og:description\" content=\"Meine Kindheit habe ich in mitten des B\u00fcrgerkrieges im t\u00fcrkischen Teil von Kurdistan verbracht. Von Anbeginn an bekannte sich mein Vater zu seinen kurdisch linkspolitischen \u00dcberzeugungen\" \/>\n<meta property=\"og:url\" content=\"https:\/\/aslifiliz.com\/de\/biografie\/\" \/>\n<meta property=\"og:site_name\" content=\"Asl\u0131 Filiz\" \/>\n<meta property=\"article:modified_time\" content=\"2026-03-06T15:06:30+00:00\" \/>\n<meta name=\"twitter:card\" content=\"summary_large_image\" \/>\n<meta name=\"twitter:label1\" content=\"Tahmini okuma s\u00fcresi\" \/>\n\t<meta name=\"twitter:data1\" content=\"2 dakika\" \/>\n<script type=\"application\/ld+json\" class=\"yoast-schema-graph\">{\"@context\":\"https:\\\/\\\/schema.org\",\"@graph\":[{\"@type\":\"WebPage\",\"@id\":\"https:\\\/\\\/aslifiliz.com\\\/de\\\/biografie\\\/\",\"url\":\"https:\\\/\\\/aslifiliz.com\\\/de\\\/biografie\\\/\",\"name\":\"Biograpfie - Asl\u0131 Filiz\",\"isPartOf\":{\"@id\":\"https:\\\/\\\/aslifiliz.com\\\/de\\\/#website\"},\"datePublished\":\"2022-03-15T09:10:26+00:00\",\"dateModified\":\"2026-03-06T15:06:30+00:00\",\"description\":\"Meine Kindheit habe ich in mitten des B\u00fcrgerkrieges im t\u00fcrkischen Teil von Kurdistan verbracht. Von Anbeginn an bekannte sich mein Vater zu seinen kurdisch linkspolitischen \u00dcberzeugungen\",\"breadcrumb\":{\"@id\":\"https:\\\/\\\/aslifiliz.com\\\/de\\\/biografie\\\/#breadcrumb\"},\"inLanguage\":\"tr\",\"potentialAction\":[{\"@type\":\"ReadAction\",\"target\":[\"https:\\\/\\\/aslifiliz.com\\\/de\\\/biografie\\\/\"]}]},{\"@type\":\"BreadcrumbList\",\"@id\":\"https:\\\/\\\/aslifiliz.com\\\/de\\\/biografie\\\/#breadcrumb\",\"itemListElement\":[{\"@type\":\"ListItem\",\"position\":1,\"name\":\"Home\",\"item\":\"https:\\\/\\\/aslifiliz.com\\\/de\\\/\"},{\"@type\":\"ListItem\",\"position\":2,\"name\":\"Biograpfie\"}]},{\"@type\":\"WebSite\",\"@id\":\"https:\\\/\\\/aslifiliz.com\\\/de\\\/#website\",\"url\":\"https:\\\/\\\/aslifiliz.com\\\/de\\\/\",\"name\":\"Asl\u0131 Filiz\",\"description\":\"Kunst und Grafikdesign\",\"potentialAction\":[{\"@type\":\"SearchAction\",\"target\":{\"@type\":\"EntryPoint\",\"urlTemplate\":\"https:\\\/\\\/aslifiliz.com\\\/de\\\/?s={search_term_string}\"},\"query-input\":{\"@type\":\"PropertyValueSpecification\",\"valueRequired\":true,\"valueName\":\"search_term_string\"}}],\"inLanguage\":\"tr\"}]}<\/script>\n<!-- \/ Yoast SEO plugin. -->","yoast_head_json":{"title":"Biograpfie - Asl\u0131 Filiz","description":"Meine Kindheit habe ich in mitten des B\u00fcrgerkrieges im t\u00fcrkischen Teil von Kurdistan verbracht. Von Anbeginn an bekannte sich mein Vater zu seinen kurdisch linkspolitischen \u00dcberzeugungen","robots":{"index":"index","follow":"follow","max-snippet":"max-snippet:-1","max-image-preview":"max-image-preview:large","max-video-preview":"max-video-preview:-1"},"canonical":"https:\/\/aslifiliz.com\/de\/biografie\/","og_locale":"tr_TR","og_type":"article","og_title":"Biograpfie - Asl\u0131 Filiz","og_description":"Meine Kindheit habe ich in mitten des B\u00fcrgerkrieges im t\u00fcrkischen Teil von Kurdistan verbracht. Von Anbeginn an bekannte sich mein Vater zu seinen kurdisch linkspolitischen \u00dcberzeugungen","og_url":"https:\/\/aslifiliz.com\/de\/biografie\/","og_site_name":"Asl\u0131 Filiz","article_modified_time":"2026-03-06T15:06:30+00:00","twitter_card":"summary_large_image","twitter_misc":{"Tahmini okuma s\u00fcresi":"2 dakika"},"schema":{"@context":"https:\/\/schema.org","@graph":[{"@type":"WebPage","@id":"https:\/\/aslifiliz.com\/de\/biografie\/","url":"https:\/\/aslifiliz.com\/de\/biografie\/","name":"Biograpfie - Asl\u0131 Filiz","isPartOf":{"@id":"https:\/\/aslifiliz.com\/de\/#website"},"datePublished":"2022-03-15T09:10:26+00:00","dateModified":"2026-03-06T15:06:30+00:00","description":"Meine Kindheit habe ich in mitten des B\u00fcrgerkrieges im t\u00fcrkischen Teil von Kurdistan verbracht. Von Anbeginn an bekannte sich mein Vater zu seinen kurdisch linkspolitischen \u00dcberzeugungen","breadcrumb":{"@id":"https:\/\/aslifiliz.com\/de\/biografie\/#breadcrumb"},"inLanguage":"tr","potentialAction":[{"@type":"ReadAction","target":["https:\/\/aslifiliz.com\/de\/biografie\/"]}]},{"@type":"BreadcrumbList","@id":"https:\/\/aslifiliz.com\/de\/biografie\/#breadcrumb","itemListElement":[{"@type":"ListItem","position":1,"name":"Home","item":"https:\/\/aslifiliz.com\/de\/"},{"@type":"ListItem","position":2,"name":"Biograpfie"}]},{"@type":"WebSite","@id":"https:\/\/aslifiliz.com\/de\/#website","url":"https:\/\/aslifiliz.com\/de\/","name":"Asl\u0131 Filiz","description":"Kunst und Grafikdesign","potentialAction":[{"@type":"SearchAction","target":{"@type":"EntryPoint","urlTemplate":"https:\/\/aslifiliz.com\/de\/?s={search_term_string}"},"query-input":{"@type":"PropertyValueSpecification","valueRequired":true,"valueName":"search_term_string"}}],"inLanguage":"tr"}]}},"_links":{"self":[{"href":"https:\/\/aslifiliz.com\/de\/wp-json\/wp\/v2\/pages\/48","targetHints":{"allow":["GET"]}}],"collection":[{"href":"https:\/\/aslifiliz.com\/de\/wp-json\/wp\/v2\/pages"}],"about":[{"href":"https:\/\/aslifiliz.com\/de\/wp-json\/wp\/v2\/types\/page"}],"author":[{"embeddable":true,"href":"https:\/\/aslifiliz.com\/de\/wp-json\/wp\/v2\/users\/1"}],"replies":[{"embeddable":true,"href":"https:\/\/aslifiliz.com\/de\/wp-json\/wp\/v2\/comments?post=48"}],"version-history":[{"count":23,"href":"https:\/\/aslifiliz.com\/de\/wp-json\/wp\/v2\/pages\/48\/revisions"}],"predecessor-version":[{"id":2404,"href":"https:\/\/aslifiliz.com\/de\/wp-json\/wp\/v2\/pages\/48\/revisions\/2404"}],"wp:attachment":[{"href":"https:\/\/aslifiliz.com\/de\/wp-json\/wp\/v2\/media?parent=48"}],"curies":[{"name":"wp","href":"https:\/\/api.w.org\/{rel}","templated":true}]}}

<p>[vc_row css_animation=&#8221;&#8221; row_type=&#8221;row&#8221; use_row_as_full_screen_section=&#8221;no&#8221; type=&#8221;full_width&#8221; angled_section=&#8221;no&#8221; text_align=&#8221;left&#8221; background_image_as_pattern=&#8221;without_pattern&#8221;][vc_column][vc_column_text]</p>
<h5>BIOGRAFIE</h5>
<p>[/vc_column_text][vc_separator type=&#8221;normal&#8221; color=&#8221;#e8e8e8&#8243;][/vc_column][/vc_row][vc_row css_animation=&#8221;&#8221; row_type=&#8221;row&#8221; use_row_as_full_screen_section=&#8221;no&#8221; type=&#8221;full_width&#8221; angled_section=&#8221;no&#8221; text_align=&#8221;left&#8221; background_image_as_pattern=&#8221;without_pattern&#8221; css=&#8221;.vc_custom_1648418315359{margin-top: 32px !important;margin-bottom: 32px !important;}&#8221; z_index=&#8221;&#8221;][vc_column width=&#8221;2/3&#8243; css=&#8221;.vc_custom_1648593750096{margin-right: 32px !important;}&#8221;][vc_column_text css=&#8221;.vc_custom_1772809585780{margin-right: 32px !important;}&#8221;]Aslı Filiz wurde in Bingöl/Türkei, als Kind kurdischer Eltern geboren. Nach ihrem Grafikdesign-Studium an der Beykent-Universität in Istanbul schloss sie ihre Ausbildung im selben Bereich an der Hochschule für bildende Künste Hamburg (HFBK) ab. Seit über 25 Jahren ist sie im Bereich Grafikdesign und visuelle Kunst tätig, wobei sie sich in den letzten Jahren zunehmend auf die Malerei insbesondere auf frauenzentrierte Narrative konzentriert hat.</p>
<p>Ihre Werke öffnen visuelle Fenster in das kollektive Gedächtnis von Frauen, weit über individuelle Geschichten hinaus. Ausgehend von der mesopotamischen Geschichte bringt sie die mythologischen und so wie seelischen Lasten, die die Frauen durch die Jahrhunderte getragen haben, auf die Leinwand. Ihre Frauenfiguren sind durchzogen von Stille, Widerstand, Zugehörigkeit, Verlust und Hoffnung. Mit Acryl auf Leinwand arbeitet sie in einem Stil, der traditionelle Motive mit modernen Ausdrucksformen verbindet und so eine zeitlose visuelle Sprache schafft.</p>
<p>Einige ihrer Arbeiten sind direkte politische Proteste.<br />
Filiz’ Kunst trägt Identität, die historische Last des Frauseins und das kollektive Gedächtnis in sich. Ihre Arbeiten bewegen sich zwischen kurdischer, türkischer und visueller Sprache und schaffen für ein internationales Publikum einen ästhetischen und gedanklichen Raum. Sie nahm an Einzel und Gruppenausstellungen in Paris, Hamburg, Berlin, Wien, Köln, Hanau, Kiel, Itzehoe und Luxemburg teil und beteiligte sich in zahlreichen internationalen Veranstaltungen im Kontext von Frauenbewegungen.<br />
Aslı Filiz’ Werke erinnern an die Stimmen in der Stille, die Spuren des Vergessenen und den immerwährenden Platz der Frau. Ihre Kunst ist nicht nur zu betrachten sie ist zu fühlen, zu hinterfragen und zu erinnern.[/vc_column_text][/vc_column][vc_column width=&#8221;1/3&#8243;][vc_single_image image=&#8221;578&#8243; img_size=&#8221;300&#215;250&#8243; style=&#8221;vc_box_shadow&#8221; qode_css_animation=&#8221;&#8221; qode_hover_animation=&#8221;zoom_in&#8221; css=&#8221;.vc_custom_1648594184063{margin-bottom: 32px !important;}&#8221;][vc_single_image image=&#8221;579&#8243; img_size=&#8221;300&#215;250&#8243; style=&#8221;vc_box_shadow&#8221; qode_css_animation=&#8221;&#8221; qode_hover_animation=&#8221;zoom_in&#8221; css=&#8221;.vc_custom_1648594200664{margin-bottom: 32px !important;}&#8221;][vc_single_image image=&#8221;577&#8243; img_size=&#8221;300&#215;250&#8243; style=&#8221;vc_box_shadow&#8221; qode_css_animation=&#8221;&#8221; qode_hover_animation=&#8221;zoom_in&#8221; css=&#8221;.vc_custom_1648594216832{margin-bottom: 32px !important;}&#8221;][vc_single_image image=&#8221;576&#8243; img_size=&#8221;300&#215;250&#8243; style=&#8221;vc_box_shadow&#8221; qode_css_animation=&#8221;&#8221; qode_hover_animation=&#8221;zoom_in&#8221; css=&#8221;.vc_custom_1648594229932{margin-bottom: 32px !important;}&#8221;][/vc_column][/vc_row]</p>

<p>[vc_row css_animation=&#8221;&#8221; row_type=&#8221;row&#8221; use_row_as_full_screen_section=&#8221;no&#8221; type=&#8221;full_width&#8221; angled_section=&#8221;no&#8221; text_align=&#8221;left&#8221; background_image_as_pattern=&#8221;without_pattern&#8221;][vc_column][vc_column_text] BIOGRAFIE [/vc_column_text][vc_separator type=&#8221;normal&#8221; color=&#8221;#e8e8e8&#8243;][/vc_column][/vc_row][vc_row css_animation=&#8221;&#8221; row_type=&#8221;row&#8221; use_row_as_full_screen_section=&#8221;no&#8221; type=&#8221;full_width&#8221; angled_section=&#8221;no&#8221; text_align=&#8221;left&#8221; background_image_as_pattern=&#8221;without_pattern&#8221; css=&#8221;.vc_custom_1648418315359{margin-top: 32px !important;margin-bottom: 32px !important;}&#8221; z_index=&#8221;&#8221;][vc_column width=&#8221;2/3&#8243; css=&#8221;.vc_custom_1648593750096{margin-right: 32px !important;}&#8221;][vc_column_text css=&#8221;.vc_custom_1772809585780{margin-right: 32px !important;}&#8221;]Aslı Filiz wurde in Bingöl/Türkei, als Kind kurdischer Eltern geboren. Nach ihrem Grafikdesign-Studium an&#8230;</p>

<!-- This site is optimized with the Yoast SEO plugin v27.5 - https://yoast.com/product/yoast-seo-wordpress/ -->
<title>Biograpfie - Aslı Filiz</title>
<meta name="description" content="Meine Kindheit habe ich in mitten des Bürgerkrieges im türkischen Teil von Kurdistan verbracht. Von Anbeginn an bekannte sich mein Vater zu seinen kurdisch linkspolitischen Überzeugungen" />
<meta name="robots" content="index, follow, max-snippet:-1, max-image-preview:large, max-video-preview:-1" />
<link rel="canonical" href="https://aslifiliz.com/de/biografie/" />
<meta property="og:locale" content="tr_TR" />
<meta property="og:type" content="article" />
<meta property="og:title" content="Biograpfie - Aslı Filiz" />
<meta property="og:description" content="Meine Kindheit habe ich in mitten des Bürgerkrieges im türkischen Teil von Kurdistan verbracht. Von Anbeginn an bekannte sich mein Vater zu seinen kurdisch linkspolitischen Überzeugungen" />
<meta property="og:url" content="https://aslifiliz.com/de/biografie/" />
<meta property="og:site_name" content="Aslı Filiz" />
<meta property="article:modified_time" content="2026-03-06T15:06:30+00:00" />
<meta name="twitter:card" content="summary_large_image" />
<meta name="twitter:label1" content="Tahmini okuma süresi" />
	<meta name="twitter:data1" content="2 dakika" />
<script type="application/ld+json" class="yoast-schema-graph">{"@context":"https:\/\/schema.org","@graph":[{"@type":"WebPage","@id":"https:\/\/aslifiliz.com\/de\/biografie\/","url":"https:\/\/aslifiliz.com\/de\/biografie\/","name":"Biograpfie - Aslı Filiz","isPartOf":{"@id":"https:\/\/aslifiliz.com\/de\/#website"},"datePublished":"2022-03-15T09:10:26+00:00","dateModified":"2026-03-06T15:06:30+00:00","description":"Meine Kindheit habe ich in mitten des Bürgerkrieges im türkischen Teil von Kurdistan verbracht. Von Anbeginn an bekannte sich mein Vater zu seinen kurdisch linkspolitischen Überzeugungen","breadcrumb":{"@id":"https:\/\/aslifiliz.com\/de\/biografie\/#breadcrumb"},"inLanguage":"tr","potentialAction":[{"@type":"ReadAction","target":["https:\/\/aslifiliz.com\/de\/biografie\/"]}]},{"@type":"BreadcrumbList","@id":"https:\/\/aslifiliz.com\/de\/biografie\/#breadcrumb","itemListElement":[{"@type":"ListItem","position":1,"name":"Home","item":"https:\/\/aslifiliz.com\/de\/"},{"@type":"ListItem","position":2,"name":"Biograpfie"}]},{"@type":"WebSite","@id":"https:\/\/aslifiliz.com\/de\/#website","url":"https:\/\/aslifiliz.com\/de\/","name":"Aslı Filiz","description":"Kunst und Grafikdesign","potentialAction":[{"@type":"SearchAction","target":{"@type":"EntryPoint","urlTemplate":"https:\/\/aslifiliz.com\/de\/?s={search_term_string}"},"query-input":{"@type":"PropertyValueSpecification","valueRequired":true,"valueName":"search_term_string"}}],"inLanguage":"tr"}]}</script>
<!-- / Yoast SEO plugin. -->

Biograpfie - Aslı Filiz

Meine Kindheit habe ich in mitten des Bürgerkrieges im türkischen Teil von Kurdistan verbracht. Von Anbeginn an bekannte sich mein Vater zu seinen kurdisch linkspolitischen Überzeugungen

Aslı Filiz
